-5?
57
Calculate (1 - 45) + -1656 + 1654.
-46
What is the value of (-1 - (51 - (1 - 2))) + 3744 + -3750 - 10?
-69
What is the value of -4 + (-2 - -21) + -5 - (3 - 33)?
40
What is -7 + 1 - 3 - (95 + -115 + -35)?
46
(-76 - (-2 + -54)) + 33
13
Calculate (3 + 10 - ((-11 - 1) + -56 + 20)) + -5.
56
What is the value of -71 - (-58 - -34) - -58?
11
What is -939 - -900 - (-3 + -1 + (2 - (0 - 0)))?
-37
Calculate 101 + (-133 - -20) + (-36 - 0).
-48
What is the value of (25 - 5) + -25 + -17 + -25?
-47
Evaluate -8 + 38 + (-21 - -7) - (9 + 117).
-110
-10 + 0 - (-15 + (-27 - 2) + -27)
61
What is 6 - (3 + (3 - (123 - 117 - (-95 + 0))))?
101
What is 5 - (-3 + 61 - (14 + -5 + -24))?
-68
What is (-12 - (0 + -1)) + (307 + -293 - (17 + 7))?
-21
(3 - 0) + -267 + 259 + 40 + -16
19
Evaluate 13 + -1 + -83 + -5 + 2 + 7.
-67
What is 84 + (-116 - (-59 + 42))?
-15
Evaluate -9 - 5 - (-1 + 3 - (12 - 15)).
-19
What is -9 + (72 + (-11 - -3) - (32 + -19))?
42
-2 + 44 + (0 + -14 - 1)
27
What is the value of 13 + -79 + -4 + (-89 - -115)?
-44
What is the value of 10 - ((-34 - (30 + -26 + -21)) + (-1 - -11))?
17
What is the value of 9 + (-6 + 2 - (33 - 18)) - -5?
-5
Evaluate -14 + -2 + 13 + 0 + -18.
-21
4 + (56 - (-2 - (-1 - (0 - -12))))
49
What is 4 + -1 + -3 - (3 + 26)?
-29
What is the value of -52 + (-5 - ((-6 - (-3 + 19)) + 0))?
-35
Calculate (10 - -8) + -6 - (6 + -85 + 15).
76
What is (-14 + 98 - 38 - -34) + -40?
40
Calculate -34 + (-45 + 60 - -75).
56
What is 25 - (-41 + 26 - -93)?
-53
Calculate (-3 - 0) + (-324 - (207 + -500)).
-34
Evaluate -7 - (47 + (14 - (29 - 22))).
-61
(112 - 1) + (13 - (40 - (47 + -39)))
92
Calculate -27 - (-10 + -45) - (-2 - (-9 + 1 + 2)).
24
Calculate (-1 - ((9 - 18) + 24 - 6)) + 64.
54
Calculate -250 - -328 - (3 + 7 + -32).
100
What is -18 - 1 - ((-2 - 3) + 1080 + -1036)?
-58
What is the value of -113 - (-11 - (78 + -3))?
-27
Evaluate -1 + -9 + -39 + (21 - (11 - -3)).
-42
-49 - (-9 - (-1 - (4 + -5 - 2)))
-38
(12 - ((39 - 48) + -2 + 5) - 8) + -45
-35
What is the value of (19 - -38) + -56 - (3 + 40)?
-42
Calculate (49 - 21) + -22 - 0 - 42.
-36
What is (-94 - 7) + -5541 + 5551 + 1 + (-1 - 0)?
-91
Calculate -14 + 1 + -3 + -48 + 70 + 33 + -46.
-7
What is 27 - (1 - -4) - (-263 - -326)?
-41
What is the value of -53 + -3 - (-17 + -17 + 6 + 17)?
-45
What is the value of (5 + -14 - -57) + (-161 - -138)?
25
2 + 6 + (8 - (5 - -5)) + (49 - 14)
41
What is the value of 21 - ((-44 - -2) + 33)?
30
What is (-291 + 308 - (-2 - (-10 + 3))) + -1?
11
Evaluate -11 - (22 + -23 - -15 - (4 - 4)).
-25
Calculate (13 - 40) + 10 + 51 - 156.
-122
Evaluate 48 + (2 - 1) - (-1283 + 1293).
39
What is -76 + 771 + -770 + (-1 - 22)?
-98
Calculate -57 - (6 + -2 - (5 - 1) - (-31 + 23)).
-65
What is (-80 + 44 - (4 - (2 - (4 - -2)))) + -4?
-48
What is the value of 22 + -19 + -19 - -7?
-9
-1 + (-25 - -9) + 24 - 26
-19
(5 - -1) + -24 + -10 + (-7 + 3 - 4)
-36
What is (13 - (17 - (18 - 22))) + 13 - (7 - -1)?
-3
What is -19 - ((-49 + -8 - -47) + 1 + 1)?
-11
Calculate (-11 - (-5 - (10 - 21 - -20))) + -49.
-46
Calculate 63 + -97 - -26 - (61 - 0).
-69
Calculate -24 + 8 + 16 - (54 - ((-3 - 2) + 4)).
-55
What is -6 + (0 - 1) - (-10 - (1 + 2 - -3))?
9
What is the value of (0 - -26 - (7 - 14)) + -1 + 7?
39
49 + (40 + (-49 - -11) - (2 - -4)) - -11
56
What is the value of -1 + 25 + (-16 + -1 + 13 - (9 - 2))?
13
What is the value of -22 + 40 + -8 + (-3 - -7 - (72 - -5))?
-63
-6 - (-27 + 19 + 58)
-56
Calculate (15 - (100 + -28)) + 58.
1
What is 56 + (-47 - -2) - (-34 + -1)?
46
Calculate (-4 + 53 - 11) + -18.
20
Evaluate -27 + (62 - (17 + 22 - 26)).
22
Calculate -8 + 26 + (8 - (-11 - -83)).
-46
-119 + 13 + 641 + -627
-92
Calculate -16 + 38 + (117 + -128 - (-12 + 0) - 4).
19
What is (-8 - -11) + 6 - 8 - (16 - (-7 + 4))?
-18
What is (40 - (8 + 63)) + 55?
24
-147 + 161 - ((47 - (5 - 3)) + 2)
-33
Evaluate -441 - -403 - (-28 - -72).
-82
What is the value of 21 - (-69 - -37 - -33 - (7 + -1))?
26
-17988 + 17979 + (-1 - (-1 - (-69 + 0)))
-78
Evaluate (1367 - 1338) + 1 + -10.
20
(-2 - -13) + (28 - -3) + (-42 - -29)
29
(-13 - 5) + (-26 - -15 - -57)
28
Evaluate -60 + 1 - (1 + -4 + 2 - 4 - 4).
-50
-1 + 20 + 0 + -5 - (-10 + -15 + -62)
101
Evaluate (-10 - -9 - (15 + -1)) + 213 + -205 + -39.
-46
Calculate -10 + (251 - 253) + (6 + -3 - 9).
-18
Evaluate -247 - -252 - (-1 + -10) - -5 - 2.
19
Calculate 31 + -104 + (19 - -8).
-46
Evaluate (5 - (3 - (0 - -7))) + (-87 - -92).
14
What is the value of 1 + (1 - -2) - -1 - (50 - (44 - 57))?
-58
What is the value of 68 - 246 - -70 - -56?
-52
Evaluate -90 - ((-23 - 36) + -55).
24
22 - (-95 + 13 + (9 + -12 - 2))
109
What is the value of (654 - 749) + (186 - -1)?
92
Evaluate -25 + -15 + -35 + 31.
-44
What is -40 + (67 - (0 + 45))?
-18
Calculate -9 - (-44 + 58 + (-8 + 4 - -24)).
-43
Calculate (-22 - (-53 + 71)) + -24.
-64
Evaluate 6 - -56 - (25 + -24 - (1 - 4 - 5)).
53
What is -25 + 3 + 31 + 1 + -55?
-45
-1 - -2 - 26 - -35 - -75
85
What is 109 - ((79 - 59) + 21)?
68
Evaluate 31 - (-60 - -64) - 22.
5
Evaluate (20 - 4) + 1 + -2 + 6 + -60.
-39
What is -7 + (-2 + 6 + -17 - -22) + -50?
-48
Evaluate (-11 - (-16 + 7 + -28)) + -4.
22
What is the value of 9 - (4 - -7) - (-136 + 16 + 12) - -2?
108
What is -23 + 13 - (-26 - -13) - 12?
-9
What is the value of ((15 - 9) + -26 - -7) + (9 - 4)?
-8
Evaluate -44 - (-58 + 1) - -7.
20
What is the value of 3 - 4 - (21 + 2 - (171 + -116))?
31
Calculate 55 - (48 + 16) - -68.
59
What is the value of (12 - 0 - (11 - (-42 - -56))) + 83?
98
Calculate -20 + -30 + (-3 - (-2 + -29)).
-22
Calculate 3017 + -3020 + (-6 - -2 - 77).
-84
Calculate (-8 - (-1 - (16 + -8 + -6) - 109)) + 13.
117
Evaluate -2 + 1 + (285 + -320 - (0 + -10)).
-26
6 + -21 - ((-106 - (-22 - -5)) + 7)
67
Evaluate 3 + 24 - (119 + -107).
15
Evaluate 23 - (51 - (-5 + 28)) - 43.
-48
Calculate (-5 - 42) + (-801 - -797).
-51
-30 - -9 - (-2 - (14 - (4 + -6 + 9)))
-12
Evaluate -121 - 4 - (815 - 897).
-43
Calculate (22 - (11 - -8 - 40)) + 6.
49
-8 + (-233 - (-55 - 66))
-120
Calculate (31 - (-1 + 47)) + -13 - -119.
91
What is (24 - (-24 - (-7 - -88))) + 0 + -3 + 1?
127
Calculate 1 + 12 + 2 + 0 + 0 + (-77 - -172).
110
Evaluate 8 + (-12 - -26) + -20 + -5 + 11.
8
-9 + 6 + -26 - (-154 - -183)
-58
(15 - 65 - -37) + (-35 - (4 + -5))
-47
What is the value of (64 - (62 + -44)) + -34 + (49 - 1)?
60
Calculate -28 + 46 + (-64 - -18).
-28
What is the value of 54 + (-42 - 18 - -35 - (-15 + 2)) - 9?
33
Calculate -4 - (22 + -30) - -16 - -9.
29
What is the value of 37 + (-13 - -60 - 26)?
58
40 + (-16 - (-8 + 1 + 5))
26
Evaluate 6 - (7 - (5 - (-14 + 12)) - (-9 - -1)).
-2
Evaluate -9 + 9 + 8 - 13 - -44.
39
-8 - (83 + -200 - -205)
-96
What is the value of (-62 - (-8 + -8)) + (21 - 16) + -3 + 1?
-43
What is 26 + (5 - (-1 + 7)) + (-86 - -94)?
33
Evaluate 6 + (124 - 60 - 33).
37
Calculate -66 - (-16 - (-7 + 9 - 16)).
-64
76 - 16 - (-1 + 150)
-89
24 + -75 + -2 + 86
33
What is the value of (4 - 30) + 32 - -7 - 70?
-57
What is (10 - (-2 - -3) - (-2 - -10)) + -8 + 40?
33
What is the value of 62 - (40 - (30 + -58 - -43))?
37
Evaluate 113 + (-239 - -22 - -58).
-46
Calculate 63 + 17 + (-22 - 33).
25
What is the value of -55 + 35 + 47 - 4?
23
What is 11 - (-7 - -14 - -10)?
-6
What is 175 + (-74 - 86) - (0 + 71 + 0)?
-56
Calculate (1 - 34) + 17 - ((0 - 18) + 6).
-4
Calculate (-93 - -5) + 2 - (17 + -31 - -5).
-77
Evaluate (1 + 9 - 10 - (-18 + 2)) + -52.
-36
-59 + -6 - (-3 - (2 + 4) - -11 - -1)
-68
What is the value of (10 - 57) + -175 - -95?
-127
950 - 938 - (4 + -2 + -1 + -6)
17
What is -43 - (-41 - (5 + -39) - -10)?
-46
What is 30 + (37 - (1 + 37))?
29
Calculate -8 + -34 + (87 - 66).
-21
Evaluate (17934 - 17924) + (0 - ((-2 + 2 - -1) + -2)).
11
-83 + (123 - -1 - -39)
80
What is the value of -72 - ((72 - 39) + -76)?
-29
7 + -15 + (-15 - -8 - (-52 - 0))
37
What is the value of -14 + 6 + (12 - (11 - (22 - 13)) - -63)?
65
What is the value of 89 + -1 - (765 + -731)?
54
What is 49 + 24 + -85 - (1 + 18)?
-31
Evaluate -6 - (32 + -134 - -36 - 10).
70
What is the value of (93 - 124) + 79 + -142?
-94
What is the value of 15 - (56 - 54 - -54)?
-41
What is the value of (62 - (-20 - -115)) + 35?
2
Calculate 3 + 24 + -43 - -21.
5
Calculate 1 + 0 + 18 + -2441 + 2389.
-33
What is the value of 3 + 0 - 2 - 0 - (-52 - (-29 + -34))?
-10
What is -25 - 6